(1). What are the prime factors of j(c)?
2, 5, 7
Let x = 116 + -74. Suppose -3*u - x = -513. List the prime factors of u.
157
Let m be 4 - (4 + (-3 - -3)). Suppose c + 5*h - 191 = m, -3*c = c - 3*h - 764. List the prime factors of c.
191
Let s(z) be the second derivative of -z**4/8 + z**3/6 - 3*z**2 + z. Let i(b) be the first derivative of s(b). List the prime factors of i(-5).
2
Let a(l) = 144*l - 393. List the prime factors of a(7).
3, 5, 41
Suppose 3*g + 118 = 5*g. Suppose -g = -3*j + 4*m, 2*j + 3*j - m = 121. What are the prime factors of j?
5
List the prime factors of 8/(-108) - 83060/(-108).
769
Let c = 20 + -16. Suppose -4*x + u = -319, c*x + 5*u - 142 = 159. List the prime factors of x.
79
Let v be 20/11 - 4/(-22). Let o(i) = -4*i + 31*i**v - 32*i**2 - 6 - 10*i. List the prime factors of o(-12).
2, 3
Suppose -3*c + 8861 = 4*m, -8*m + 4458 = -6*m - 4*c. List the prime factors of m.
7, 317
Let w be (0 - -6)/(-3) + (2 - 0). Suppose b = -0*b - x + 131, -3*b - x + 391 = w. What are the prime factors of b?
2, 5, 13
Suppose 2*a + 0*a = 12. What are the prime factors of (-9 + -2)/((-2)/a)?
3, 11
Let r = 66 - 17. Suppose -2*s - 31 = -r. List the prime factors of s.
3
Suppose -2*o - 38 = 3*s - 0*o, 0 = -5*s - 5*o - 70. Let i = -6 - s. Suppose i*b + 2*x + 0 = 128, -5*b + 166 = 4*x. List the prime factors of b.
2, 3, 5
Let z = 2 - 3. Let l be 1 - 37 - (-1 - z). Let r = -14 - l. What are the prime factors of r?
2, 11
Let f(l) = -126*l - 27. What are the prime factors of f(-3)?
3, 13
Let d(c) = 197*c**3 - 3*c + 3. Suppose -4*y + 1 = -3*m - 4, m = -4*y + 9. What are the prime factors of d(m)?
197
Suppose 15*g - 12*g = 0. Suppose i - 127 + 36 = g. List the prime factors of i.
7, 13
Let k be (-1)/2 + 5/2. Suppose -k*i + 45 = -129. What are the prime factors of i?
3, 29
Suppose -c - 1 = -4. Suppose 9 = -c*l, u + l - 39 = -3*l. List the prime factors of u.
3, 17
Suppose 0*a + 4*n + 152 = 4*a, -82 = -2*a - 4*n. Let z = a - 35. List the prime factors of z.
2
Let h be 1*(2 + -1) - -3. Suppose -5 = -h*u + 371. List the prime factors of u.
2, 47
Let o(j) = 14*j**3 - 5*j**2 + 6*j - 2. What are the prime factors of o(4)?
2, 419
Let q(j) = 2*j**2 - j - 1. Let f be q(2). Suppose 0 = -4*v - a + 272, -f*a + 77 = 2*v - 59. What are the prime factors of v?
2, 17
Let f be (-1)/6 + (-381)/(-18). Suppose 3*b - f = 81. List the prime factors of b.
2, 17
List the prime factors of (92/(-6))/((-28)/1008).
2, 3, 23
Suppose c + 3*l - 132 = 0, 0 = -5*c + c - l + 473. Suppose 4*m - 4*i = 216, 4*i = i - 6. Let t = c - m. What are the prime factors of t?
5, 13
Let t be (8/5)/(-3 + (-119)/(-35)). Suppose 0 = 2*m - 4, -5*m + t*m = 3*o - 575. What are the prime factors of o?
191
Let j = 1154 + -620. What are the prime factors of j?
2, 3, 89
Suppose -9*k = -5*k - 560. Suppose 51 - k = -h. List the prime factors of h.
89
Suppose -6*m + 11 = -19. Suppose i = 4*j + 33, j = -m*i + 2*j + 165. List the prime factors of i.
3, 11
What are the prime factors of (107/5)/((-47)/(-1175))?
5, 107
Suppose -387*c = -383*c - 8180. What are the prime factors of c?
5, 409
Let j = -408 + 500. List the prime factors of j.
2, 23
Let w = -3081 + 4814. What are the prime factors of w?
1733
Let p = 50 + -34. Let q = 22 - p. Suppose -z - 3 = 0, q*i - 66 = 3*i + 5*z. What are the prime factors of i?
17
Let d be ((-854)/21)/(2/(-3)). Let q = d - 6. List the prime factors of q.
5, 11
Let t(r) = -2*r**2 + 0 + r**2 + 7*r + 5 + 1. Let g be t(6). Suppose -w + g = 2. List the prime factors of w.
2, 5
Let x(n) = 8 + 2 - 7*n + 2*n**3 - 8*n**2 - 3*n**3. Suppose -9*a = 37 + 26. List the prime factors of x(a).
2, 5
Suppose 0*p + 3*p - 18 = 0. Suppose -d = 5*f + 21, -3*d - d - 2*f = -p. Suppose 3*i - i - d = 0. What are the prime factors of i?
2
Let x be (-2*1)/((-4)/(-26)). Suppose 0 = 3*c + 3*q - 111, 0 = 4*c - q - 128 - 35. Let s = c + x. What are the prime factors of s?
3
Let s(y) = -y**3 + 7*y**2 + 7*y + 2. Let b be s(8). Suppose -w + 12 = -r - 6*w, 5*r - 2*w = 48. Let d = b + r. What are the prime factors of d?
2
Let x(g) = -g**3 - 8*g**2 + 6*g - 9. Let a be x(-9). Suppose q = a + 104. List the prime factors of q.
2, 61
Suppose -4*g + 10225 = -14*v + 13*v, 0 = 2*g - 4*v - 5130. What are the prime factors of g?
5, 7, 73
Let v(y) = -197*y - 548. List the prime factors of v(-16).
2, 3, 7, 31
Suppose -3*v - 5*r = 6 + 1, -4*r + 4 = 4*v. Suppose 0 = v*a - 278 - 454. List the prime factors of a.
2, 61
Let p = -3 - -12. Let r(t) = -t**3 + 9*t**2 + 4. Let b be r(p). Let a(o) = o**2 + 2*o - 5. What are the prime factors of a(b)?
19
Let p(d) = -209*d + 8. List the prime factors of p(-1).
7, 31
Suppose 11*i - 12*i - 24 = -5*o, 5*i - 20 = -3*o. Suppose 0 = -2*d + 43 - 113. Let k = o - d. What are the prime factors of k?
2, 5
Let k = 5 - 0. Suppose 237 = k*f - 163. Suppose 4*y - f = 3*s, 0 = -5*y - 3*s - s + 100. List the prime factors of y.
2, 5
Let c be ((-6)/6)/(2/(-4)). Suppose -c*l - 150 = -5*x, 4*l - 2*x = -212 - 88. What are the prime factors of (-2)/15 - 1210/l?
2
Suppose 0 = 5*r - 4*r - 30. Suppose 4*z = -10 + r. Suppose z*n + 2*i - i - 261 = 0, -4*n = i - 209. List the prime factors of n.
2, 13
What are the prime factors of (-15276)/(-9) - (-92)/138?
2, 3, 283
Suppose 2*t + 3*l - 2268 = 0, 4*t - 97*l = -100*l + 4542. List the prime factors of t.
3, 379
Let a(i) = 13*i**3 + 3*i**2 - 72*i + 478. List the prime factors of a(6).
2, 1481
Let t = 25 + 133. Suppose -36 = 5*v + 2*n - t, -v - 3*n = -27. Suppose -p - v = -3*p - 2*b, 5*b = 20. What are the prime factors of p?
2
Let u(l) = l + 13. Let x be u(-11). Suppose 5 + 73 = x*t. List the prime factors of t.
3, 13
Suppose -56 = -46*d + 50*d. Let s = -7 - d. List the prime factors of s.
7
Let y(b) = 2*b**3 + 2*b**2 + b + 7. Let f be y(3). Let o = -32 + f. List the prime factors of o.
2, 5
Let t be 6*((-6)/(-9))/1. Let y = 0 + t. Suppose -y*c = -2*x + c + 73, -3*c = 9. List the prime factors of x.
29
Suppose 5*k - 977 = k + 3*r, 2*k - 3*r - 493 = 0. List the prime factors of k.
2, 11
Let z(f) = -6*f + 6*f**2 - 17 - 565*f**3 + 7 + 566*f**3. What are the prime factors of z(5)?
5, 47
Let b(y) = 2*y - 10. Let d be b(7). Suppose -3*p = -d*q + 265, 3*q + p - 6*p = 207. Let v = -46 + q. What are the prime factors of v?
2, 3
Suppose -5*y + 3*y = 3*q - 169, 2*q - 6 = 0. List the prime factors of y.
2, 5
Let h be ((-2)/(-9)*1626)/(1/3). Suppose -h = -10*s - 144. List the prime factors of s.
2, 47
Suppose -v = -6*v + 145. Let j = v + -24. Let a(w) = -w**3 + 7*w**2 - 5. What are the prime factors of a(j)?
3, 5
What are the prime factors of 9/(-5)*35350/(-42)?
3, 5, 101
Suppose y = -2*m + 13, 4 = -2*y + 3*m - 5. Suppose -y*l = -0*l. Suppose l = 4*f + f + 25, 0 = -3*n + f + 29. What are the prime factors of n?
2
Let l(i) = 4*i**2 + 2*i + 140. What are the prime factors of l(12)?
2, 5, 37
Suppose 10370 = 4*i - 5*d, 16*i - 21*i = 2*d - 12946. List the prime factors of i.
2, 5, 7, 37
List the prime factors of (515/(-165)*-11)/((-1)/(-93)).
31, 103
Suppose 339*b + 662 = 341*b. List the prime factors of b.
331
Suppose -b - 207 = -694. What are the prime factors of b?
487
What are the prime factors of 3*(1*5528/12 + 4)?
2, 17, 41
Let s = -521 + 1628. What are the prime factors of s?
3, 41
Let u(a) = 63*a**3 - 2*a - 2. Let z be u(-1). Let q = 146 + z. What are the prime factors of q?
83
Let w(i) = i**2 + i - 4. Suppose 2*y = 23 + 25. Suppose -3*z - z - y = 0. List the prime factors of w(z).
2, 13
Let d(u) = 2*u - 4. Let m be d(2). Suppose -4*f = 4*i - m*i - 468, -5*i + 25 = 0. What are the prime factors of f?
2, 7
Let z = 674 + -357. What are the prime factors of z?
317
Let w be (-4)/4*1 - -5. Suppose z - w*z = -84. List the prime factors of z.
2, 7
Suppose -5*r - 4*u = -654, 5*u + 16 = u. Let s = 232 - r. What are the prime factors of s?
2, 7
Let a be ((-4)/(-4))/1 + 42. Let k be 32/(-18) + (-6)/27 - -7. Suppose k = 2*p - a. List the prime factors of p.
2, 3
Let m = 5 - 3. Suppose 6 = 2*r + 2*h, -2*h = -5*r + 3*r + m. Suppose -3*w + r*w = -30. List the prime factors of w.
2, 3, 5
Suppose -b - 4 = -3*b. Suppose -b*h = h. Suppose 3*p - 24 = -4*v - 0, -5*v + 5*p + 30 = h. What are the prime factors of v?
2, 3
Suppose -79*k + 109998 = -37*k. What are the prime factors of k?
3, 97
Suppose 0 = -3*c 